{"id":2437,"date":"2026-04-09T21:14:58","date_gmt":"2026-04-09T19:14:58","guid":{"rendered":"https:\/\/www.clasicosenalcala.net\/2026\/?post_type=ajde_events&#038;p=2437"},"modified":"2026-04-21T13:02:21","modified_gmt":"2026-04-21T11:02:21","slug":"quimera","status":"publish","type":"ajde_events","link":"https:\/\/www.clasicosenalcala.net\/2026\/obra\/quimera\/","title":{"rendered":"QUIMERA"},"content":{"rendered":"<h2>Ficha art\u00edstica y t\u00e9cnica<\/h2>\r\n<strong>Direcci\u00f3n:<\/strong> Sergi Heredia\r\n<strong>Actores:<\/strong> Santi Mart\u00ednez, V\u00edctor Segarra, Juanan Lucena y Sergi Heredia\r\n<strong>Dise\u00f1o y Construcci\u00f3n:<\/strong> Antigua y Barbuda y Jord\u00e0 Ferrer\r\n<strong>Atrezzo<\/strong>: C\u00e9sar Mar\u00edn de Ferro y Joan Ballester\r\n<strong>Cola de drag\u00f3n:<\/strong> Sergio Ib\u00e1\u00f1ez\r\n<strong>Composici\u00f3n musical:<\/strong> Juanjo Ballester\r\n<strong>Voz en off:<\/strong> Amanda Aguilella\r\n\r\n\r\n\r\n&nbsp;<!-- \/wp:post-content -->","protected":false},"author":3,"featured_media":2440,"menu_order":0,"comment_status":"closed","ping_status":"closed","template":"","meta":[],"tags":[],"event_type":[159],"event_type_2":[156],"class_list":["post-2437","ajde_events","type-ajde_events","status-publish","has-post-thumbnail","hentry","event_location-casco-historico-de-alcala-teatro-de-calle","event_type-teatro-de-calle","event_type_2-casco-historico-de-alcala-teatro-de-calle"],"yoast_head":"<!-- This site is optimized with the Yoast SEO plugin v27.4 - https:\/\/yoast.com\/product\/yoast-seo-wordpress\/ -->\n<title>QUIMERA - Festival de Teatro Cl\u00e1sicos en Alcal\u00e1 2026<\/title>\n<meta name=\"robots\" content=\"index, follow, max-snippet:-1, max-image-preview:large, max-video-preview:-1\" \/>\n<link rel=\"canonical\" href=\"https:\/\/www.clasicosenalcala.net\/2026\/obra\/quimera\/\" \/>\n<meta property=\"og:locale\" content=\"es_ES\" \/>\n<meta property=\"og:type\" content=\"article\" \/>\n<meta property=\"og:title\" content=\"QUIMERA - Festival de Teatro Cl\u00e1sicos en Alcal\u00e1 2026\" \/>\n<meta property=\"og:description\" content=\"Ficha art\u00edstica y t\u00e9cnica Direcci\u00f3n: Sergi Heredia Actores: Santi Mart\u00ednez, V\u00edctor Segarra, Juanan Lucena y Sergi Heredia Dise\u00f1o y Construcci\u00f3n: Antigua y Barbuda y Jord\u00e0 Ferrer Atrezzo: C\u00e9sar Mar\u00edn de Ferro y Joan Ballester Cola de drag\u00f3n: Sergio Ib\u00e1\u00f1ez Composici\u00f3n musical: Juanjo Ballester Voz en off: Amanda Aguilella &nbsp;\" \/>\n<meta property=\"og:url\" content=\"https:\/\/www.clasicosenalcala.net\/2026\/obra\/quimera\/\" \/>\n<meta property=\"og:site_name\" content=\"Festival de Teatro Cl\u00e1sicos en Alcal\u00e1 2026\" \/>\n<meta property=\"article:publisher\" content=\"http:\/\/www.facebook.com\/pages\/Clsicos-en-Alcal\/117666598263772\" \/>\n<meta property=\"article:modified_time\" content=\"2026-04-21T11:02:21+00:00\" \/>\n<meta property=\"og:image\" content=\"https:\/\/www.clasicosenalcala.net\/2026\/wp-content\/uploads\/2026\/04\/QUIMERA-LA-FAM-TEATRE-2.jpg\" \/>\n\t<meta property=\"og:image:width\" content=\"900\" \/>\n\t<meta property=\"og:image:height\" content=\"600\" \/>\n\t<meta property=\"og:image:type\" content=\"image\/jpeg\" \/>\n<meta name=\"twitter:card\" content=\"summary_large_image\" \/>\n<meta name=\"twitter:site\" content=\"@ClasicosAlcala\" \/>\n<meta name=\"twitter:label1\" content=\"Tiempo de lectura\" \/>\n\t<meta name=\"twitter:data1\" content=\"1 minuto\" \/>\n<script type=\"application\/ld+json\" class=\"yoast-schema-graph\">{\"@context\":\"https:\\\/\\\/schema.org\",\"@graph\":[{\"@type\":\"WebPage\",\"@id\":\"https:\\\/\\\/www.clasicosenalcala.net\\\/2026\\\/obra\\\/quimera\\\/\",\"url\":\"https:\\\/\\\/www.clasicosenalcala.net\\\/2026\\\/obra\\\/quimera\\\/\",\"name\":\"QUIMERA - Festival de Teatro Cl\u00e1sicos en Alcal\u00e1 2026\",\"isPartOf\":{\"@id\":\"https:\\\/\\\/www.clasicosenalcala.net\\\/2026\\\/#website\"},\"primaryImageOfPage\":{\"@id\":\"https:\\\/\\\/www.clasicosenalcala.net\\\/2026\\\/obra\\\/quimera\\\/#primaryimage\"},\"image\":{\"@id\":\"https:\\\/\\\/www.clasicosenalcala.net\\\/2026\\\/obra\\\/quimera\\\/#primaryimage\"},\"thumbnailUrl\":\"https:\\\/\\\/www.clasicosenalcala.net\\\/2026\\\/wp-content\\\/uploads\\\/2026\\\/04\\\/QUIMERA-LA-FAM-TEATRE-2.jpg\",\"datePublished\":\"2026-04-09T19:14:58+00:00\",\"dateModified\":\"2026-04-21T11:02:21+00:00\",\"breadcrumb\":{\"@id\":\"https:\\\/\\\/www.clasicosenalcala.net\\\/2026\\\/obra\\\/quimera\\\/#breadcrumb\"},\"inLanguage\":\"es\",\"potentialAction\":[{\"@type\":\"ReadAction\",\"target\":[\"https:\\\/\\\/www.clasicosenalcala.net\\\/2026\\\/obra\\\/quimera\\\/\"]}]},{\"@type\":\"ImageObject\",\"inLanguage\":\"es\",\"@id\":\"https:\\\/\\\/www.clasicosenalcala.net\\\/2026\\\/obra\\\/quimera\\\/#primaryimage\",\"url\":\"https:\\\/\\\/www.clasicosenalcala.net\\\/2026\\\/wp-content\\\/uploads\\\/2026\\\/04\\\/QUIMERA-LA-FAM-TEATRE-2.jpg\",\"contentUrl\":\"https:\\\/\\\/www.clasicosenalcala.net\\\/2026\\\/wp-content\\\/uploads\\\/2026\\\/04\\\/QUIMERA-LA-FAM-TEATRE-2.jpg\",\"width\":900,\"height\":600},{\"@type\":\"BreadcrumbList\",\"@id\":\"https:\\\/\\\/www.clasicosenalcala.net\\\/2026\\\/obra\\\/quimera\\\/#breadcrumb\",\"itemListElement\":[{\"@type\":\"ListItem\",\"position\":1,\"name\":\"Portada\",\"item\":\"https:\\\/\\\/www.clasicosenalcala.net\\\/2026\\\/\"},{\"@type\":\"ListItem\",\"position\":2,\"name\":\"Events\",\"item\":\"https:\\\/\\\/www.clasicosenalcala.net\\\/2026\\\/obra\\\/\"},{\"@type\":\"ListItem\",\"position\":3,\"name\":\"QUIMERA\"}]},{\"@type\":\"WebSite\",\"@id\":\"https:\\\/\\\/www.clasicosenalcala.net\\\/2026\\\/#website\",\"url\":\"https:\\\/\\\/www.clasicosenalcala.net\\\/2026\\\/\",\"name\":\"Festival Hispanoamericano del Siglo de Oro. XXV edici\u00f3n\",\"description\":\"\",\"publisher\":{\"@id\":\"https:\\\/\\\/www.clasicosenalcala.net\\\/2026\\\/#organization\"},\"potentialAction\":[{\"@type\":\"SearchAction\",\"target\":{\"@type\":\"EntryPoint\",\"urlTemplate\":\"https:\\\/\\\/www.clasicosenalcala.net\\\/2026\\\/?s={search_term_string}\"},\"query-input\":{\"@type\":\"PropertyValueSpecification\",\"valueRequired\":true,\"valueName\":\"search_term_string\"}}],\"inLanguage\":\"es\"},{\"@type\":\"Organization\",\"@id\":\"https:\\\/\\\/www.clasicosenalcala.net\\\/2026\\\/#organization\",\"name\":\"Festival Hispanoamericano del Siglo de Oro.\",\"url\":\"https:\\\/\\\/www.clasicosenalcala.net\\\/2026\\\/\",\"logo\":{\"@type\":\"ImageObject\",\"inLanguage\":\"es\",\"@id\":\"https:\\\/\\\/www.clasicosenalcala.net\\\/2026\\\/#\\\/schema\\\/logo\\\/image\\\/\",\"url\":\"https:\\\/\\\/www.clasicosenalcala.net\\\/2026\\\/wp-content\\\/uploads\\\/2026\\\/03\\\/cropped-favicon@600x-8.png\",\"contentUrl\":\"https:\\\/\\\/www.clasicosenalcala.net\\\/2026\\\/wp-content\\\/uploads\\\/2026\\\/03\\\/cropped-favicon@600x-8.png\",\"width\":512,\"height\":512,\"caption\":\"Festival Hispanoamericano del Siglo de Oro.\"},\"image\":{\"@id\":\"https:\\\/\\\/www.clasicosenalcala.net\\\/2026\\\/#\\\/schema\\\/logo\\\/image\\\/\"},\"sameAs\":[\"http:\\\/\\\/www.facebook.com\\\/pages\\\/Clsicos-en-Alcal\\\/117666598263772\",\"https:\\\/\\\/x.com\\\/ClasicosAlcala\",\"https:\\\/\\\/www.instagram.com\\\/clasicosalcala\\\/\"]}]}<\/script>\n<!-- \/ Yoast SEO plugin. -->","yoast_head_json":{"title":"QUIMERA - Festival de Teatro Cl\u00e1sicos en Alcal\u00e1 2026","robots":{"index":"index","follow":"follow","max-snippet":"max-snippet:-1","max-image-preview":"max-image-preview:large","max-video-preview":"max-video-preview:-1"},"canonical":"https:\/\/www.clasicosenalcala.net\/2026\/obra\/quimera\/","og_locale":"es_ES","og_type":"article","og_title":"QUIMERA - Festival de Teatro Cl\u00e1sicos en Alcal\u00e1 2026","og_description":"Ficha art\u00edstica y t\u00e9cnica Direcci\u00f3n: Sergi Heredia Actores: Santi Mart\u00ednez, V\u00edctor Segarra, Juanan Lucena y Sergi Heredia Dise\u00f1o y Construcci\u00f3n: Antigua y Barbuda y Jord\u00e0 Ferrer Atrezzo: C\u00e9sar Mar\u00edn de Ferro y Joan Ballester Cola de drag\u00f3n: Sergio Ib\u00e1\u00f1ez Composici\u00f3n musical: Juanjo Ballester Voz en off: Amanda Aguilella &nbsp;","og_url":"https:\/\/www.clasicosenalcala.net\/2026\/obra\/quimera\/","og_site_name":"Festival de Teatro Cl\u00e1sicos en Alcal\u00e1 2026","article_publisher":"http:\/\/www.facebook.com\/pages\/Clsicos-en-Alcal\/117666598263772","article_modified_time":"2026-04-21T11:02:21+00:00","og_image":[{"width":900,"height":600,"url":"https:\/\/www.clasicosenalcala.net\/2026\/wp-content\/uploads\/2026\/04\/QUIMERA-LA-FAM-TEATRE-2.jpg","type":"image\/jpeg"}],"twitter_card":"summary_large_image","twitter_site":"@ClasicosAlcala","twitter_misc":{"Tiempo de lectura":"1 minuto"},"schema":{"@context":"https:\/\/schema.org","@graph":[{"@type":"WebPage","@id":"https:\/\/www.clasicosenalcala.net\/2026\/obra\/quimera\/","url":"https:\/\/www.clasicosenalcala.net\/2026\/obra\/quimera\/","name":"QUIMERA - Festival de Teatro Cl\u00e1sicos en Alcal\u00e1 2026","isPartOf":{"@id":"https:\/\/www.clasicosenalcala.net\/2026\/#website"},"primaryImageOfPage":{"@id":"https:\/\/www.clasicosenalcala.net\/2026\/obra\/quimera\/#primaryimage"},"image":{"@id":"https:\/\/www.clasicosenalcala.net\/2026\/obra\/quimera\/#primaryimage"},"thumbnailUrl":"https:\/\/www.clasicosenalcala.net\/2026\/wp-content\/uploads\/2026\/04\/QUIMERA-LA-FAM-TEATRE-2.jpg","datePublished":"2026-04-09T19:14:58+00:00","dateModified":"2026-04-21T11:02:21+00:00","breadcrumb":{"@id":"https:\/\/www.clasicosenalcala.net\/2026\/obra\/quimera\/#breadcrumb"},"inLanguage":"es","potentialAction":[{"@type":"ReadAction","target":["https:\/\/www.clasicosenalcala.net\/2026\/obra\/quimera\/"]}]},{"@type":"ImageObject","inLanguage":"es","@id":"https:\/\/www.clasicosenalcala.net\/2026\/obra\/quimera\/#primaryimage","url":"https:\/\/www.clasicosenalcala.net\/2026\/wp-content\/uploads\/2026\/04\/QUIMERA-LA-FAM-TEATRE-2.jpg","contentUrl":"https:\/\/www.clasicosenalcala.net\/2026\/wp-content\/uploads\/2026\/04\/QUIMERA-LA-FAM-TEATRE-2.jpg","width":900,"height":600},{"@type":"BreadcrumbList","@id":"https:\/\/www.clasicosenalcala.net\/2026\/obra\/quimera\/#breadcrumb","itemListElement":[{"@type":"ListItem","position":1,"name":"Portada","item":"https:\/\/www.clasicosenalcala.net\/2026\/"},{"@type":"ListItem","position":2,"name":"Events","item":"https:\/\/www.clasicosenalcala.net\/2026\/obra\/"},{"@type":"ListItem","position":3,"name":"QUIMERA"}]},{"@type":"WebSite","@id":"https:\/\/www.clasicosenalcala.net\/2026\/#website","url":"https:\/\/www.clasicosenalcala.net\/2026\/","name":"Festival Hispanoamericano del Siglo de Oro. XXV edici\u00f3n","description":"","publisher":{"@id":"https:\/\/www.clasicosenalcala.net\/2026\/#organization"},"potentialAction":[{"@type":"SearchAction","target":{"@type":"EntryPoint","urlTemplate":"https:\/\/www.clasicosenalcala.net\/2026\/?s={search_term_string}"},"query-input":{"@type":"PropertyValueSpecification","valueRequired":true,"valueName":"search_term_string"}}],"inLanguage":"es"},{"@type":"Organization","@id":"https:\/\/www.clasicosenalcala.net\/2026\/#organization","name":"Festival Hispanoamericano del Siglo de Oro.","url":"https:\/\/www.clasicosenalcala.net\/2026\/","logo":{"@type":"ImageObject","inLanguage":"es","@id":"https:\/\/www.clasicosenalcala.net\/2026\/#\/schema\/logo\/image\/","url":"https:\/\/www.clasicosenalcala.net\/2026\/wp-content\/uploads\/2026\/03\/cropped-favicon@600x-8.png","contentUrl":"https:\/\/www.clasicosenalcala.net\/2026\/wp-content\/uploads\/2026\/03\/cropped-favicon@600x-8.png","width":512,"height":512,"caption":"Festival Hispanoamericano del Siglo de Oro."},"image":{"@id":"https:\/\/www.clasicosenalcala.net\/2026\/#\/schema\/logo\/image\/"},"sameAs":["http:\/\/www.facebook.com\/pages\/Clsicos-en-Alcal\/117666598263772","https:\/\/x.com\/ClasicosAlcala","https:\/\/www.instagram.com\/clasicosalcala\/"]}]}},"_links":{"self":[{"href":"https:\/\/www.clasicosenalcala.net\/2026\/wp-json\/wp\/v2\/ajde_events\/2437","targetHints":{"allow":["GET"]}}],"collection":[{"href":"https:\/\/www.clasicosenalcala.net\/2026\/wp-json\/wp\/v2\/ajde_events"}],"about":[{"href":"https:\/\/www.clasicosenalcala.net\/2026\/wp-json\/wp\/v2\/types\/ajde_events"}],"author":[{"embeddable":true,"href":"https:\/\/www.clasicosenalcala.net\/2026\/wp-json\/wp\/v2\/users\/3"}],"replies":[{"embeddable":true,"href":"https:\/\/www.clasicosenalcala.net\/2026\/wp-json\/wp\/v2\/comments?post=2437"}],"wp:featuredmedia":[{"embeddable":true,"href":"https:\/\/www.clasicosenalcala.net\/2026\/wp-json\/wp\/v2\/media\/2440"}],"wp:attachment":[{"href":"https:\/\/www.clasicosenalcala.net\/2026\/wp-json\/wp\/v2\/media?parent=2437"}],"wp:term":[{"taxonomy":"post_tag","embeddable":true,"href":"https:\/\/www.clasicosenalcala.net\/2026\/wp-json\/wp\/v2\/tags?post=2437"},{"taxonomy":"event_type","embeddable":true,"href":"https:\/\/www.clasicosenalcala.net\/2026\/wp-json\/wp\/v2\/event_type?post=2437"},{"taxonomy":"event_type_2","embeddable":true,"href":"https:\/\/www.clasicosenalcala.net\/2026\/wp-json\/wp\/v2\/event_type_2?post=2437"}],"curies":[{"name":"wp","href":"https:\/\/api.w.org\/{rel}","templated":true}]}}

<h2>Ficha artística y técnica</h2>
<strong>Dirección:</strong> Sergi Heredia
<strong>Actores:</strong> Santi Martínez, Víctor Segarra, Juanan Lucena y Sergi Heredia
<strong>Diseño y Construcción:</strong> Antigua y Barbuda y Jordà Ferrer
<strong>Atrezzo</strong>: César Marín de Ferro y Joan Ballester
<strong>Cola de dragón:</strong> Sergio Ibáñez
<strong>Composición musical:</strong> Juanjo Ballester
<strong>Voz en off:</strong> Amanda Aguilella



&nbsp;<!-- /wp:post-content -->

<!-- This site is optimized with the Yoast SEO plugin v27.4 - https://yoast.com/product/yoast-seo-wordpress/ -->
<title>QUIMERA - Festival de Teatro Clásicos en Alcalá 2026</title>
<meta name="robots" content="index, follow, max-snippet:-1, max-image-preview:large, max-video-preview:-1" />
<link rel="canonical" href="https://www.clasicosenalcala.net/2026/obra/quimera/" />
<meta property="og:locale" content="es_ES" />
<meta property="og:type" content="article" />
<meta property="og:title" content="QUIMERA - Festival de Teatro Clásicos en Alcalá 2026" />
<meta property="og:description" content="Ficha artística y técnica Dirección: Sergi Heredia Actores: Santi Martínez, Víctor Segarra, Juanan Lucena y Sergi Heredia Diseño y Construcción: Antigua y Barbuda y Jordà Ferrer Atrezzo: César Marín de Ferro y Joan Ballester Cola de dragón: Sergio Ibáñez Composición musical: Juanjo Ballester Voz en off: Amanda Aguilella &nbsp;" />
<meta property="og:url" content="https://www.clasicosenalcala.net/2026/obra/quimera/" />
<meta property="og:site_name" content="Festival de Teatro Clásicos en Alcalá 2026" />
<meta property="article:publisher" content="http://www.facebook.com/pages/Clsicos-en-Alcal/117666598263772" />
<meta property="article:modified_time" content="2026-04-21T11:02:21+00:00" />
<meta property="og:image" content="https://www.clasicosenalcala.net/2026/wp-content/uploads/2026/04/QUIMERA-LA-FAM-TEATRE-2.jpg" />
	<meta property="og:image:width" content="900" />
	<meta property="og:image:height" content="600" />
	<meta property="og:image:type" content="image/jpeg" />
<meta name="twitter:card" content="summary_large_image" />
<meta name="twitter:site" content="@ClasicosAlcala" />
<meta name="twitter:label1" content="Tiempo de lectura" />
	<meta name="twitter:data1" content="1 minuto" />
<script type="application/ld+json" class="yoast-schema-graph">{"@context":"https:\/\/schema.org","@graph":[{"@type":"WebPage","@id":"https:\/\/www.clasicosenalcala.net\/2026\/obra\/quimera\/","url":"https:\/\/www.clasicosenalcala.net\/2026\/obra\/quimera\/","name":"QUIMERA - Festival de Teatro Clásicos en Alcalá 2026","isPartOf":{"@id":"https:\/\/www.clasicosenalcala.net\/2026\/#website"},"primaryImageOfPage":{"@id":"https:\/\/www.clasicosenalcala.net\/2026\/obra\/quimera\/#primaryimage"},"image":{"@id":"https:\/\/www.clasicosenalcala.net\/2026\/obra\/quimera\/#primaryimage"},"thumbnailUrl":"https:\/\/www.clasicosenalcala.net\/2026\/wp-content\/uploads\/2026\/04\/QUIMERA-LA-FAM-TEATRE-2.jpg","datePublished":"2026-04-09T19:14:58+00:00","dateModified":"2026-04-21T11:02:21+00:00","breadcrumb":{"@id":"https:\/\/www.clasicosenalcala.net\/2026\/obra\/quimera\/#breadcrumb"},"inLanguage":"es","potentialAction":[{"@type":"ReadAction","target":["https:\/\/www.clasicosenalcala.net\/2026\/obra\/quimera\/"]}]},{"@type":"ImageObject","inLanguage":"es","@id":"https:\/\/www.clasicosenalcala.net\/2026\/obra\/quimera\/#primaryimage","url":"https:\/\/www.clasicosenalcala.net\/2026\/wp-content\/uploads\/2026\/04\/QUIMERA-LA-FAM-TEATRE-2.jpg","contentUrl":"https:\/\/www.clasicosenalcala.net\/2026\/wp-content\/uploads\/2026\/04\/QUIMERA-LA-FAM-TEATRE-2.jpg","width":900,"height":600},{"@type":"BreadcrumbList","@id":"https:\/\/www.clasicosenalcala.net\/2026\/obra\/quimera\/#breadcrumb","itemListElement":[{"@type":"ListItem","position":1,"name":"Portada","item":"https:\/\/www.clasicosenalcala.net\/2026\/"},{"@type":"ListItem","position":2,"name":"Events","item":"https:\/\/www.clasicosenalcala.net\/2026\/obra\/"},{"@type":"ListItem","position":3,"name":"QUIMERA"}]},{"@type":"WebSite","@id":"https:\/\/www.clasicosenalcala.net\/2026\/#website","url":"https:\/\/www.clasicosenalcala.net\/2026\/","name":"Festival Hispanoamericano del Siglo de Oro. XXV edición","description":"","publisher":{"@id":"https:\/\/www.clasicosenalcala.net\/2026\/#organization"},"potentialAction":[{"@type":"SearchAction","target":{"@type":"EntryPoint","urlTemplate":"https:\/\/www.clasicosenalcala.net\/2026\/?s={search_term_string}"},"query-input":{"@type":"PropertyValueSpecification","valueRequired":true,"valueName":"search_term_string"}}],"inLanguage":"es"},{"@type":"Organization","@id":"https:\/\/www.clasicosenalcala.net\/2026\/#organization","name":"Festival Hispanoamericano del Siglo de Oro.","url":"https:\/\/www.clasicosenalcala.net\/2026\/","logo":{"@type":"ImageObject","inLanguage":"es","@id":"https:\/\/www.clasicosenalcala.net\/2026\/#\/schema\/logo\/image\/","url":"https:\/\/www.clasicosenalcala.net\/2026\/wp-content\/uploads\/2026\/03\/cropped-favicon@600x-8.png","contentUrl":"https:\/\/www.clasicosenalcala.net\/2026\/wp-content\/uploads\/2026\/03\/cropped-favicon@600x-8.png","width":512,"height":512,"caption":"Festival Hispanoamericano del Siglo de Oro."},"image":{"@id":"https:\/\/www.clasicosenalcala.net\/2026\/#\/schema\/logo\/image\/"},"sameAs":["http:\/\/www.facebook.com\/pages\/Clsicos-en-Alcal\/117666598263772","https:\/\/x.com\/ClasicosAlcala","https:\/\/www.instagram.com\/clasicosalcala\/"]}]}</script>
<!-- / Yoast SEO plugin. -->

QUIMERA - Festival de Teatro Clásicos en Alcalá 2026

Ficha artística y técnica Dirección: Sergi Heredia Actores: Santi Martínez, Víctor Segarra, Juanan Lucena y Sergi Heredia Diseño y Construcción: Antigua y Barbuda y Jordà Ferrer Atrezzo: César Marín de Ferro y Joan Ballester Cola de dragón: Sergio Ibáñez Composición musical: Juanjo Ballester Voz en off: Amanda Aguilella &nbsp;

Festival de Teatro Clásicos en Alcalá 2026

Festival Hispanoamericano del Siglo de Oro. XXV edición
