{"id":600,"date":"2026-03-25T12:31:11","date_gmt":"2026-03-25T11:31:11","guid":{"rendered":"https:\/\/www.clasicosenalcala.net\/2026\/?post_type=jornadas-academicas&#038;p=600"},"modified":"2026-04-22T17:01:48","modified_gmt":"2026-04-22T15:01:48","slug":"la-gestion-del-arte-clasicos-en-construccion","status":"publish","type":"jornadas-academicas","link":"https:\/\/www.clasicosenalcala.net\/2026\/jornadas-academicas\/la-gestion-del-arte-clasicos-en-construccion\/","title":{"rendered":"Cl\u00e1sicos en construcci\u00f3n"},"content":{"rendered":"<p>Antiguo Hospital Santa Mar\u00eda la Rica<\/p>\n<p>Desde el mi\u00e9rcoles 24 al viernes 26 de junio<\/p>\n<p><strong>Para p\u00fablico adulto<br \/>\n<\/strong><strong>Apto para personas con movilidad reducida<br \/>\n<\/strong><strong>Entrada libre hasta completar aforo<\/strong><\/p>\n<p>&nbsp;<\/p>\n<p>&nbsp;<\/p>\n","protected":false},"excerpt":{"rendered":"<p>Se busca en estas jornadas, no solo el an\u00e1lisis, sino tambi\u00e9n la formulaci\u00f3n de estrategias que ayuden al desarrollo de las Artes Esc\u00e9nicas, con la participaci\u00f3n de profesionales de distintos \u00e1mbitos, junto a miembros de ADGAE que han puesto siempre su experiencia al servicio de las Jornadas.<\/p>\n","protected":false},"featured_media":0,"parent":0,"template":"","class_list":["post-600","jornadas-academicas","type-jornadas-academicas","status-publish","hentry"],"yoast_head":"<!-- This site is optimized with the Yoast SEO plugin v27.4 - https:\/\/yoast.com\/product\/yoast-seo-wordpress\/ -->\n<title>Cl\u00e1sicos en construcci\u00f3n - Festival de Teatro Cl\u00e1sicos en Alcal\u00e1 2026<\/title>\n<meta name=\"robots\" content=\"index, follow, max-snippet:-1, max-image-preview:large, max-video-preview:-1\" \/>\n<link rel=\"canonical\" href=\"https:\/\/www.clasicosenalcala.net\/2026\/jornadas-academicas\/la-gestion-del-arte-clasicos-en-construccion\/\" \/>\n<meta property=\"og:locale\" content=\"es_ES\" \/>\n<meta property=\"og:type\" content=\"article\" \/>\n<meta property=\"og:title\" content=\"Cl\u00e1sicos en construcci\u00f3n - Festival de Teatro Cl\u00e1sicos en Alcal\u00e1 2026\" \/>\n<meta property=\"og:description\" content=\"Se busca en estas jornadas, no solo el an\u00e1lisis, sino tambi\u00e9n la formulaci\u00f3n de estrategias que ayuden al desarrollo de las Artes Esc\u00e9nicas, con la participaci\u00f3n de profesionales de distintos \u00e1mbitos, junto a miembros de ADGAE que han puesto siempre su experiencia al servicio de las Jornadas.\" \/>\n<meta property=\"og:url\" content=\"https:\/\/www.clasicosenalcala.net\/2026\/jornadas-academicas\/la-gestion-del-arte-clasicos-en-construccion\/\" \/>\n<meta property=\"og:site_name\" content=\"Festival de Teatro Cl\u00e1sicos en Alcal\u00e1 2026\" \/>\n<meta property=\"article:publisher\" content=\"http:\/\/www.facebook.com\/pages\/Clsicos-en-Alcal\/117666598263772\" \/>\n<meta property=\"article:modified_time\" content=\"2026-04-22T15:01:48+00:00\" \/>\n<meta name=\"twitter:card\" content=\"summary_large_image\" \/>\n<meta name=\"twitter:site\" content=\"@ClasicosAlcala\" \/>\n<meta name=\"twitter:label1\" content=\"Tiempo de lectura\" \/>\n\t<meta name=\"twitter:data1\" content=\"1 minuto\" \/>\n<script type=\"application\/ld+json\" class=\"yoast-schema-graph\">{\"@context\":\"https:\\\/\\\/schema.org\",\"@graph\":[{\"@type\":\"WebPage\",\"@id\":\"https:\\\/\\\/www.clasicosenalcala.net\\\/2026\\\/jornadas-academicas\\\/la-gestion-del-arte-clasicos-en-construccion\\\/\",\"url\":\"https:\\\/\\\/www.clasicosenalcala.net\\\/2026\\\/jornadas-academicas\\\/la-gestion-del-arte-clasicos-en-construccion\\\/\",\"name\":\"Cl\u00e1sicos en construcci\u00f3n - Festival de Teatro Cl\u00e1sicos en Alcal\u00e1 2026\",\"isPartOf\":{\"@id\":\"https:\\\/\\\/www.clasicosenalcala.net\\\/2026\\\/#website\"},\"datePublished\":\"2026-03-25T11:31:11+00:00\",\"dateModified\":\"2026-04-22T15:01:48+00:00\",\"breadcrumb\":{\"@id\":\"https:\\\/\\\/www.clasicosenalcala.net\\\/2026\\\/jornadas-academicas\\\/la-gestion-del-arte-clasicos-en-construccion\\\/#breadcrumb\"},\"inLanguage\":\"es\",\"potentialAction\":[{\"@type\":\"ReadAction\",\"target\":[\"https:\\\/\\\/www.clasicosenalcala.net\\\/2026\\\/jornadas-academicas\\\/la-gestion-del-arte-clasicos-en-construccion\\\/\"]}]},{\"@type\":\"BreadcrumbList\",\"@id\":\"https:\\\/\\\/www.clasicosenalcala.net\\\/2026\\\/jornadas-academicas\\\/la-gestion-del-arte-clasicos-en-construccion\\\/#breadcrumb\",\"itemListElement\":[{\"@type\":\"ListItem\",\"position\":1,\"name\":\"Portada\",\"item\":\"https:\\\/\\\/www.clasicosenalcala.net\\\/2026\\\/\"},{\"@type\":\"ListItem\",\"position\":2,\"name\":\"Jornadas Academicas\",\"item\":\"https:\\\/\\\/www.clasicosenalcala.net\\\/2026\\\/jornadas-academicas\\\/\"},{\"@type\":\"ListItem\",\"position\":3,\"name\":\"Cl\u00e1sicos en construcci\u00f3n\"}]},{\"@type\":\"WebSite\",\"@id\":\"https:\\\/\\\/www.clasicosenalcala.net\\\/2026\\\/#website\",\"url\":\"https:\\\/\\\/www.clasicosenalcala.net\\\/2026\\\/\",\"name\":\"Festival Hispanoamericano del Siglo de Oro. XXV edici\u00f3n\",\"description\":\"\",\"publisher\":{\"@id\":\"https:\\\/\\\/www.clasicosenalcala.net\\\/2026\\\/#organization\"},\"potentialAction\":[{\"@type\":\"SearchAction\",\"target\":{\"@type\":\"EntryPoint\",\"urlTemplate\":\"https:\\\/\\\/www.clasicosenalcala.net\\\/2026\\\/?s={search_term_string}\"},\"query-input\":{\"@type\":\"PropertyValueSpecification\",\"valueRequired\":true,\"valueName\":\"search_term_string\"}}],\"inLanguage\":\"es\"},{\"@type\":\"Organization\",\"@id\":\"https:\\\/\\\/www.clasicosenalcala.net\\\/2026\\\/#organization\",\"name\":\"Festival Hispanoamericano del Siglo de Oro.\",\"url\":\"https:\\\/\\\/www.clasicosenalcala.net\\\/2026\\\/\",\"logo\":{\"@type\":\"ImageObject\",\"inLanguage\":\"es\",\"@id\":\"https:\\\/\\\/www.clasicosenalcala.net\\\/2026\\\/#\\\/schema\\\/logo\\\/image\\\/\",\"url\":\"https:\\\/\\\/www.clasicosenalcala.net\\\/2026\\\/wp-content\\\/uploads\\\/2026\\\/03\\\/cropped-favicon@600x-8.png\",\"contentUrl\":\"https:\\\/\\\/www.clasicosenalcala.net\\\/2026\\\/wp-content\\\/uploads\\\/2026\\\/03\\\/cropped-favicon@600x-8.png\",\"width\":512,\"height\":512,\"caption\":\"Festival Hispanoamericano del Siglo de Oro.\"},\"image\":{\"@id\":\"https:\\\/\\\/www.clasicosenalcala.net\\\/2026\\\/#\\\/schema\\\/logo\\\/image\\\/\"},\"sameAs\":[\"http:\\\/\\\/www.facebook.com\\\/pages\\\/Clsicos-en-Alcal\\\/117666598263772\",\"https:\\\/\\\/x.com\\\/ClasicosAlcala\",\"https:\\\/\\\/www.instagram.com\\\/clasicosalcala\\\/\"]}]}<\/script>\n<!-- \/ Yoast SEO plugin. -->","yoast_head_json":{"title":"Cl\u00e1sicos en construcci\u00f3n - Festival de Teatro Cl\u00e1sicos en Alcal\u00e1 2026","robots":{"index":"index","follow":"follow","max-snippet":"max-snippet:-1","max-image-preview":"max-image-preview:large","max-video-preview":"max-video-preview:-1"},"canonical":"https:\/\/www.clasicosenalcala.net\/2026\/jornadas-academicas\/la-gestion-del-arte-clasicos-en-construccion\/","og_locale":"es_ES","og_type":"article","og_title":"Cl\u00e1sicos en construcci\u00f3n - Festival de Teatro Cl\u00e1sicos en Alcal\u00e1 2026","og_description":"Se busca en estas jornadas, no solo el an\u00e1lisis, sino tambi\u00e9n la formulaci\u00f3n de estrategias que ayuden al desarrollo de las Artes Esc\u00e9nicas, con la participaci\u00f3n de profesionales de distintos \u00e1mbitos, junto a miembros de ADGAE que han puesto siempre su experiencia al servicio de las Jornadas.","og_url":"https:\/\/www.clasicosenalcala.net\/2026\/jornadas-academicas\/la-gestion-del-arte-clasicos-en-construccion\/","og_site_name":"Festival de Teatro Cl\u00e1sicos en Alcal\u00e1 2026","article_publisher":"http:\/\/www.facebook.com\/pages\/Clsicos-en-Alcal\/117666598263772","article_modified_time":"2026-04-22T15:01:48+00:00","twitter_card":"summary_large_image","twitter_site":"@ClasicosAlcala","twitter_misc":{"Tiempo de lectura":"1 minuto"},"schema":{"@context":"https:\/\/schema.org","@graph":[{"@type":"WebPage","@id":"https:\/\/www.clasicosenalcala.net\/2026\/jornadas-academicas\/la-gestion-del-arte-clasicos-en-construccion\/","url":"https:\/\/www.clasicosenalcala.net\/2026\/jornadas-academicas\/la-gestion-del-arte-clasicos-en-construccion\/","name":"Cl\u00e1sicos en construcci\u00f3n - Festival de Teatro Cl\u00e1sicos en Alcal\u00e1 2026","isPartOf":{"@id":"https:\/\/www.clasicosenalcala.net\/2026\/#website"},"datePublished":"2026-03-25T11:31:11+00:00","dateModified":"2026-04-22T15:01:48+00:00","breadcrumb":{"@id":"https:\/\/www.clasicosenalcala.net\/2026\/jornadas-academicas\/la-gestion-del-arte-clasicos-en-construccion\/#breadcrumb"},"inLanguage":"es","potentialAction":[{"@type":"ReadAction","target":["https:\/\/www.clasicosenalcala.net\/2026\/jornadas-academicas\/la-gestion-del-arte-clasicos-en-construccion\/"]}]},{"@type":"BreadcrumbList","@id":"https:\/\/www.clasicosenalcala.net\/2026\/jornadas-academicas\/la-gestion-del-arte-clasicos-en-construccion\/#breadcrumb","itemListElement":[{"@type":"ListItem","position":1,"name":"Portada","item":"https:\/\/www.clasicosenalcala.net\/2026\/"},{"@type":"ListItem","position":2,"name":"Jornadas Academicas","item":"https:\/\/www.clasicosenalcala.net\/2026\/jornadas-academicas\/"},{"@type":"ListItem","position":3,"name":"Cl\u00e1sicos en construcci\u00f3n"}]},{"@type":"WebSite","@id":"https:\/\/www.clasicosenalcala.net\/2026\/#website","url":"https:\/\/www.clasicosenalcala.net\/2026\/","name":"Festival Hispanoamericano del Siglo de Oro. XXV edici\u00f3n","description":"","publisher":{"@id":"https:\/\/www.clasicosenalcala.net\/2026\/#organization"},"potentialAction":[{"@type":"SearchAction","target":{"@type":"EntryPoint","urlTemplate":"https:\/\/www.clasicosenalcala.net\/2026\/?s={search_term_string}"},"query-input":{"@type":"PropertyValueSpecification","valueRequired":true,"valueName":"search_term_string"}}],"inLanguage":"es"},{"@type":"Organization","@id":"https:\/\/www.clasicosenalcala.net\/2026\/#organization","name":"Festival Hispanoamericano del Siglo de Oro.","url":"https:\/\/www.clasicosenalcala.net\/2026\/","logo":{"@type":"ImageObject","inLanguage":"es","@id":"https:\/\/www.clasicosenalcala.net\/2026\/#\/schema\/logo\/image\/","url":"https:\/\/www.clasicosenalcala.net\/2026\/wp-content\/uploads\/2026\/03\/cropped-favicon@600x-8.png","contentUrl":"https:\/\/www.clasicosenalcala.net\/2026\/wp-content\/uploads\/2026\/03\/cropped-favicon@600x-8.png","width":512,"height":512,"caption":"Festival Hispanoamericano del Siglo de Oro."},"image":{"@id":"https:\/\/www.clasicosenalcala.net\/2026\/#\/schema\/logo\/image\/"},"sameAs":["http:\/\/www.facebook.com\/pages\/Clsicos-en-Alcal\/117666598263772","https:\/\/x.com\/ClasicosAlcala","https:\/\/www.instagram.com\/clasicosalcala\/"]}]}},"_links":{"self":[{"href":"https:\/\/www.clasicosenalcala.net\/2026\/wp-json\/wp\/v2\/jornadas-academicas\/600","targetHints":{"allow":["GET"]}}],"collection":[{"href":"https:\/\/www.clasicosenalcala.net\/2026\/wp-json\/wp\/v2\/jornadas-academicas"}],"about":[{"href":"https:\/\/www.clasicosenalcala.net\/2026\/wp-json\/wp\/v2\/types\/jornadas-academicas"}],"wp:attachment":[{"href":"https:\/\/www.clasicosenalcala.net\/2026\/wp-json\/wp\/v2\/media?parent=600"}],"curies":[{"name":"wp","href":"https:\/\/api.w.org\/{rel}","templated":true}]}}

Clásicos en construcción

<p>Antiguo Hospital Santa María la Rica</p>
<p>Desde el miércoles 24 al viernes 26 de junio</p>
<p><strong>Para público adulto<br />
</strong><strong>Apto para personas con movilidad reducida<br />
</strong><strong>Entrada libre hasta completar aforo</strong></p>
<p>&nbsp;</p>
<p>&nbsp;</p>

<p>Se busca en estas jornadas, no solo el análisis, sino también la formulación de estrategias que ayuden al desarrollo de las Artes Escénicas, con la participación de profesionales de distintos ámbitos, junto a miembros de ADGAE que han puesto siempre su experiencia al servicio de las Jornadas.</p>

<!-- This site is optimized with the Yoast SEO plugin v27.4 - https://yoast.com/product/yoast-seo-wordpress/ -->
<title>Clásicos en construcción - Festival de Teatro Clásicos en Alcalá 2026</title>
<meta name="robots" content="index, follow, max-snippet:-1, max-image-preview:large, max-video-preview:-1" />
<link rel="canonical" href="https://www.clasicosenalcala.net/2026/jornadas-academicas/la-gestion-del-arte-clasicos-en-construccion/" />
<meta property="og:locale" content="es_ES" />
<meta property="og:type" content="article" />
<meta property="og:title" content="Clásicos en construcción - Festival de Teatro Clásicos en Alcalá 2026" />
<meta property="og:description" content="Se busca en estas jornadas, no solo el análisis, sino también la formulación de estrategias que ayuden al desarrollo de las Artes Escénicas, con la participación de profesionales de distintos ámbitos, junto a miembros de ADGAE que han puesto siempre su experiencia al servicio de las Jornadas." />
<meta property="og:url" content="https://www.clasicosenalcala.net/2026/jornadas-academicas/la-gestion-del-arte-clasicos-en-construccion/" />
<meta property="og:site_name" content="Festival de Teatro Clásicos en Alcalá 2026" />
<meta property="article:publisher" content="http://www.facebook.com/pages/Clsicos-en-Alcal/117666598263772" />
<meta property="article:modified_time" content="2026-04-22T15:01:48+00:00" />
<meta name="twitter:card" content="summary_large_image" />
<meta name="twitter:site" content="@ClasicosAlcala" />
<meta name="twitter:label1" content="Tiempo de lectura" />
	<meta name="twitter:data1" content="1 minuto" />
<script type="application/ld+json" class="yoast-schema-graph">{"@context":"https:\/\/schema.org","@graph":[{"@type":"WebPage","@id":"https:\/\/www.clasicosenalcala.net\/2026\/jornadas-academicas\/la-gestion-del-arte-clasicos-en-construccion\/","url":"https:\/\/www.clasicosenalcala.net\/2026\/jornadas-academicas\/la-gestion-del-arte-clasicos-en-construccion\/","name":"Clásicos en construcción - Festival de Teatro Clásicos en Alcalá 2026","isPartOf":{"@id":"https:\/\/www.clasicosenalcala.net\/2026\/#website"},"datePublished":"2026-03-25T11:31:11+00:00","dateModified":"2026-04-22T15:01:48+00:00","breadcrumb":{"@id":"https:\/\/www.clasicosenalcala.net\/2026\/jornadas-academicas\/la-gestion-del-arte-clasicos-en-construccion\/#breadcrumb"},"inLanguage":"es","potentialAction":[{"@type":"ReadAction","target":["https:\/\/www.clasicosenalcala.net\/2026\/jornadas-academicas\/la-gestion-del-arte-clasicos-en-construccion\/"]}]},{"@type":"BreadcrumbList","@id":"https:\/\/www.clasicosenalcala.net\/2026\/jornadas-academicas\/la-gestion-del-arte-clasicos-en-construccion\/#breadcrumb","itemListElement":[{"@type":"ListItem","position":1,"name":"Portada","item":"https:\/\/www.clasicosenalcala.net\/2026\/"},{"@type":"ListItem","position":2,"name":"Jornadas Academicas","item":"https:\/\/www.clasicosenalcala.net\/2026\/jornadas-academicas\/"},{"@type":"ListItem","position":3,"name":"Clásicos en construcción"}]},{"@type":"WebSite","@id":"https:\/\/www.clasicosenalcala.net\/2026\/#website","url":"https:\/\/www.clasicosenalcala.net\/2026\/","name":"Festival Hispanoamericano del Siglo de Oro. XXV edición","description":"","publisher":{"@id":"https:\/\/www.clasicosenalcala.net\/2026\/#organization"},"potentialAction":[{"@type":"SearchAction","target":{"@type":"EntryPoint","urlTemplate":"https:\/\/www.clasicosenalcala.net\/2026\/?s={search_term_string}"},"query-input":{"@type":"PropertyValueSpecification","valueRequired":true,"valueName":"search_term_string"}}],"inLanguage":"es"},{"@type":"Organization","@id":"https:\/\/www.clasicosenalcala.net\/2026\/#organization","name":"Festival Hispanoamericano del Siglo de Oro.","url":"https:\/\/www.clasicosenalcala.net\/2026\/","logo":{"@type":"ImageObject","inLanguage":"es","@id":"https:\/\/www.clasicosenalcala.net\/2026\/#\/schema\/logo\/image\/","url":"https:\/\/www.clasicosenalcala.net\/2026\/wp-content\/uploads\/2026\/03\/cropped-favicon@600x-8.png","contentUrl":"https:\/\/www.clasicosenalcala.net\/2026\/wp-content\/uploads\/2026\/03\/cropped-favicon@600x-8.png","width":512,"height":512,"caption":"Festival Hispanoamericano del Siglo de Oro."},"image":{"@id":"https:\/\/www.clasicosenalcala.net\/2026\/#\/schema\/logo\/image\/"},"sameAs":["http:\/\/www.facebook.com\/pages\/Clsicos-en-Alcal\/117666598263772","https:\/\/x.com\/ClasicosAlcala","https:\/\/www.instagram.com\/clasicosalcala\/"]}]}</script>
<!-- / Yoast SEO plugin. -->

Clásicos en construcción - Festival de Teatro Clásicos en Alcalá 2026

Se busca en estas jornadas, no solo el análisis, sino también la formulación de estrategias que ayuden al desarrollo de las Artes Escénicas, con la participación de profesionales de distintos ámbitos, junto a miembros de ADGAE que han puesto siempre su experiencia al servicio de las Jornadas.

Festival de Teatro Clásicos en Alcalá 2026

Festival Hispanoamericano del Siglo de Oro. XXV edición
