{"id":2574,"date":"2026-05-07T13:20:44","date_gmt":"2026-05-07T11:20:44","guid":{"rendered":"https:\/\/www.clasicosenalcala.net\/2026\/?page_id=2574"},"modified":"2026-05-07T13:44:18","modified_gmt":"2026-05-07T11:44:18","slug":"con-capa-y-espada-la-moda-en-epoca-de-cervantes","status":"publish","type":"page","link":"https:\/\/www.clasicosenalcala.net\/2026\/con-capa-y-espada-la-moda-en-epoca-de-cervantes\/","title":{"rendered":"Con capa y espada. La moda en \u00e9poca de Cervantes"},"content":{"rendered":"\t\t<div data-elementor-type=\"wp-page\" data-elementor-id=\"2574\" class=\"elementor elementor-2574\" data-elementor-post-type=\"page\">\n\t\t\t\t<div class=\"elementor-element elementor-element-c0582cd e-flex e-con-boxed e-con e-parent\" data-id=\"c0582cd\" data-element_type=\"container\" data-e-type=\"container\" data-settings=\"{&quot;jet_parallax_layout_list&quot;:[]}\">\n\t\t\t\t\t<div class=\"e-con-inner\">\n\t\t<div class=\"elementor-element elementor-element-5b65703 e-con-full e-flex e-con e-child\" data-id=\"5b65703\" data-element_type=\"container\" data-e-type=\"container\" data-settings=\"{&quot;jet_parallax_layout_list&quot;:[]}\">\n\t\t\t\t<div class=\"elementor-element elementor-element-dde212e elementor-widget__width-inherit dce_masking-none elementor-widget elementor-widget-image\" data-id=\"dde212e\" data-element_type=\"widget\" data-e-type=\"widget\" data-widget_type=\"image.default\">\n\t\t\t\t\t\t\t\t\t\t\t\t\t\t\t<img fetchpriority=\"high\" decoding=\"async\" width=\"745\" height=\"746\" src=\"https:\/\/www.clasicosenalcala.net\/2026\/wp-content\/uploads\/2026\/05\/Figurin-FD066483_R_peq-e1773400346937.jpg\" class=\"attachment-large size-large wp-image-2576\" alt=\"\" srcset=\"https:\/\/www.clasicosenalcala.net\/2026\/wp-content\/uploads\/2026\/05\/Figurin-FD066483_R_peq-e1773400346937.jpg 745w, https:\/\/www.clasicosenalcala.net\/2026\/wp-content\/uploads\/2026\/05\/Figurin-FD066483_R_peq-e1773400346937-300x300.jpg 300w, https:\/\/www.clasicosenalcala.net\/2026\/wp-content\/uploads\/2026\/05\/Figurin-FD066483_R_peq-e1773400346937-150x150.jpg 150w\" sizes=\"(max-width: 745px) 100vw, 745px\" \/>\t\t\t\t\t\t\t\t\t\t\t\t\t\t\t<\/div>\n\t\t\t\t<\/div>\n\t\t<div class=\"elementor-element elementor-element-924653e e-con-full e-flex e-con e-child\" data-id=\"924653e\" data-element_type=\"container\" data-e-type=\"container\" data-settings=\"{&quot;jet_parallax_layout_list&quot;:[]}\">\n\t\t\t\t<div class=\"elementor-element elementor-element-907614c elementor-widget elementor-widget-heading\" data-id=\"907614c\" data-element_type=\"widget\" data-e-type=\"widget\" data-widget_type=\"heading.default\">\n\t\t\t\t\t<span class=\"elementor-heading-title elementor-size-default\">EXPOSICI\u00d3N<\/span>\t\t\t\t<\/div>\n\t\t\t\t<div class=\"elementor-element elementor-element-f0fd824 elementor-widget elementor-widget-heading\" data-id=\"f0fd824\" data-element_type=\"widget\" data-e-type=\"widget\" data-widget_type=\"heading.default\">\n\t\t\t\t\t<h1 class=\"elementor-heading-title elementor-size-default\">Con capa y espada. La moda en \u00e9poca de Cervantes<\/h1>\t\t\t\t<\/div>\n\t\t\t\t<\/div>\n\t\t\t\t\t<\/div>\n\t\t\t\t<\/div>\n\t\t<div class=\"elementor-element elementor-element-b54c17c e-flex e-con-boxed e-con e-parent\" data-id=\"b54c17c\" data-element_type=\"container\" data-e-type=\"container\" data-settings=\"{&quot;jet_parallax_layout_list&quot;:[]}\">\n\t\t\t\t\t<div class=\"e-con-inner\">\n\t\t<div class=\"elementor-element elementor-element-3e9b41f e-con-full e-flex e-con e-child\" data-id=\"3e9b41f\" data-element_type=\"container\" data-e-type=\"container\" data-settings=\"{&quot;jet_parallax_layout_list&quot;:[]}\">\n\t\t\t\t<div data-dce-title-color=\"#000000\" class=\"elementor-element elementor-element-2914eaa elementor-widget elementor-widget-heading\" data-id=\"2914eaa\" data-element_type=\"widget\" data-e-type=\"widget\" data-widget_type=\"heading.default\">\n\t\t\t\t\t<h3 class=\"elementor-heading-title elementor-size-default\">Comisaria: Raquel S\u00e1nchez Acedo<\/h3>\t\t\t\t<\/div>\n\t\t\t\t<div class=\"elementor-element elementor-element-5d0d7ce elementor-widget elementor-widget-text-editor\" data-id=\"5d0d7ce\" data-element_type=\"widget\" data-e-type=\"widget\" data-widget_type=\"text-editor.default\">\n\t\t\t\t\t\t\t\t\t<p>Organiza: Direcci\u00f3n General de Cultura e Industrias Creativas, con la colaboraci\u00f3n del Museo del Traje CIPE<\/p><p>Otros colaboradores y prestadores: Fundaci\u00f3n Casa de M\u00e9xico, Peris Costumes Group; Plateros Multimedia y Carmen 17<\/p><p><strong>Pa\u00eds:<\/strong> Espa\u00f1a<\/p>\t\t\t\t\t\t\t\t<\/div>\n\t\t\t\t<\/div>\n\t\t<div class=\"elementor-element elementor-element-45c7917 e-con-full e-flex e-con e-child\" data-id=\"45c7917\" data-element_type=\"container\" data-e-type=\"container\" data-settings=\"{&quot;jet_parallax_layout_list&quot;:[]}\">\n\t\t\t\t<div data-dce-title-color=\"#000000\" class=\"elementor-element elementor-element-3f8547f elementor-widget elementor-widget-heading\" data-id=\"3f8547f\" data-element_type=\"widget\" data-e-type=\"widget\" data-widget_type=\"heading.default\">\n\t\t\t\t\t<h3 class=\"elementor-heading-title elementor-size-default\">Museo Casa Natal Cervantes<\/h3>\t\t\t\t<\/div>\n\t\t\t\t<div class=\"elementor-element elementor-element-cea6c1c elementor-widget elementor-widget-text-editor\" data-id=\"cea6c1c\" data-element_type=\"widget\" data-e-type=\"widget\" data-widget_type=\"text-editor.default\">\n\t\t\t\t\t\t\t\t\t<p>Del 15 de abril al 30 de agosto<\/p><p><strong>Horario:<\/strong> De martes a viernes laborables de 10:00 a 18:00 h.<\/p><p>S\u00e1bados, domingos y festivos de 10:00 a 19:00 h.<\/p><p>Lunes cerrado.<\/p><p>\u00daltimo acceso permitido al Museo es 30 minutos antes del horario de cierre<\/p>\t\t\t\t\t\t\t\t<\/div>\n\t\t\t\t<\/div>\n\t\t<div class=\"elementor-element elementor-element-3d42806 e-con-full e-flex e-con e-child\" data-id=\"3d42806\" data-element_type=\"container\" data-e-type=\"container\" data-settings=\"{&quot;jet_parallax_layout_list&quot;:[]}\">\n\t\t\t\t<div class=\"elementor-element elementor-element-722b45c elementor-widget elementor-widget-text-editor\" data-id=\"722b45c\" data-element_type=\"widget\" data-e-type=\"widget\" data-widget_type=\"text-editor.default\">\n\t\t\t\t\t\t\t\t\t<p><strong>Entrada libre y gratuita<\/strong><\/p><p>Disponible un servicio de mediaci\u00f3n cultural mi\u00e9rcoles y viernes<\/p><p><strong>Apto para personas con movilidad reducida<\/strong><\/p>\t\t\t\t\t\t\t\t<\/div>\n\t\t\t\t<\/div>\n\t\t\t\t\t<\/div>\n\t\t\t\t<\/div>\n\t\t<div class=\"elementor-element elementor-element-4cad8f5 e-flex e-con-boxed e-con e-parent\" data-id=\"4cad8f5\" data-element_type=\"container\" data-e-type=\"container\" data-settings=\"{&quot;jet_parallax_layout_list&quot;:[]}\">\n\t\t\t\t\t<div class=\"e-con-inner\">\n\t\t\t\t<div class=\"elementor-element elementor-element-6c647af elementor-widget elementor-widget-text-editor\" data-id=\"6c647af\" data-element_type=\"widget\" data-e-type=\"widget\" data-widget_type=\"text-editor.default\">\n\t\t\t\t\t\t\t\t\t<p>La exposici\u00f3n nos ofrece un recorrido por la historia de la moda espa\u00f1ola del Siglo de Oro, una \u00e9poca tan importante de nuestra historia y nuestra tradici\u00f3n, que a la forma de vestir del momento se le ha dado el nombre de \u00abvestimenta a la espa\u00f1ola\u00bb.<\/p><p>Ese mismo entorno conoci\u00f3 y valor\u00f3 la obra de Cervantes, por lo que se puede decir que las obras expuestas y los textos de los autores del Siglo de Oro habitaron un terreno com\u00fan.<\/p><p>A pesar de los escasos ejemplos conservados de este periodo, tenemos el lujo de contar en nuestro pa\u00eds con colecciones que conservan algunos de los mejores ejemplos de textiles e indumentaria de la \u00e9poca que vivi\u00f3 Miguel de Cervantes. En esta ocasi\u00f3n tenemos el privilegio de mostrar piezas originales de la magn\u00edfica colecci\u00f3n del Museo del Traje. Centro de Investigaci\u00f3n del Patrimonio Etnol\u00f3gico.<\/p><p>La exposici\u00f3n se complementa con indumentaria elaborada en la actualidad empleada en representaciones teatrales o en producciones cinematogr\u00e1ficas como la reciente \u00abEl cautivo\u00bb de Alejandro Amen\u00e1bar. Estas piezas se inspiran, recrean e interpretan los modelos elaborados en esta \u00e9poca tan destacada de la historia de la moda.<\/p>\t\t\t\t\t\t\t\t<\/div>\n\t\t\t\t<div class=\"elementor-element elementor-element-698781f elementor-widget elementor-widget-heading\" data-id=\"698781f\" data-element_type=\"widget\" data-e-type=\"widget\" data-widget_type=\"heading.default\">\n\t\t\t\t\t<span class=\"elementor-heading-title elementor-size-default\"><a href=\"https:\/\/museocasanataldecervantes.org\/con-capa-y-espada-la-moda-en-epoca-de-cervantes\/\">https:\/\/museocasanataldecervantes.org\/con-capa-y-espada-la-moda-en-epoca-de-cervantes\/<\/a><\/span>\t\t\t\t<\/div>\n\t\t\t\t\t<\/div>\n\t\t\t\t<\/div>\n\t\t\t\t<\/div>\n\t\t","protected":false},"excerpt":{"rendered":"<p>EXPOSICI\u00d3N Comisaria: Raquel S\u00e1nchez Acedo Organiza: Direcci\u00f3n General de Cultura e Industrias Creativas, con la colaboraci\u00f3n del Museo del Traje CIPE Otros colaboradores y prestadores: Fundaci\u00f3n Casa de M\u00e9xico, Peris Costumes Group; Plateros Multimedia y Carmen 17 Pa\u00eds: Espa\u00f1a Museo Casa Natal Cervantes Del 15 de abril al 30 de agosto Horario: De martes a [&hellip;]<\/p>\n","protected":false},"author":1,"featured_media":0,"parent":0,"menu_order":0,"comment_status":"closed","ping_status":"closed","template":"elementor_header_footer","meta":{"footnotes":""},"class_list":["post-2574","page","type-page","status-publish","hentry"],"yoast_head":"<!-- This site is optimized with the Yoast SEO plugin v27.4 - https:\/\/yoast.com\/product\/yoast-seo-wordpress\/ -->\n<title>Con capa y espada. La moda en \u00e9poca de Cervantes - Festival de Teatro Cl\u00e1sicos en Alcal\u00e1 2026<\/title>\n<meta name=\"robots\" content=\"index, follow, max-snippet:-1, max-image-preview:large, max-video-preview:-1\" \/>\n<link rel=\"canonical\" href=\"https:\/\/www.clasicosenalcala.net\/2026\/con-capa-y-espada-la-moda-en-epoca-de-cervantes\/\" \/>\n<meta property=\"og:locale\" content=\"es_ES\" \/>\n<meta property=\"og:type\" content=\"article\" \/>\n<meta property=\"og:title\" content=\"Con capa y espada. La moda en \u00e9poca de Cervantes - Festival de Teatro Cl\u00e1sicos en Alcal\u00e1 2026\" \/>\n<meta property=\"og:description\" content=\"EXPOSICI\u00d3N Comisaria: Raquel S\u00e1nchez Acedo Organiza: Direcci\u00f3n General de Cultura e Industrias Creativas, con la colaboraci\u00f3n del Museo del Traje CIPE Otros colaboradores y prestadores: Fundaci\u00f3n Casa de M\u00e9xico, Peris Costumes Group; Plateros Multimedia y Carmen 17 Pa\u00eds: Espa\u00f1a Museo Casa Natal Cervantes Del 15 de abril al 30 de agosto Horario: De martes a [&hellip;]\" \/>\n<meta property=\"og:url\" content=\"https:\/\/www.clasicosenalcala.net\/2026\/con-capa-y-espada-la-moda-en-epoca-de-cervantes\/\" \/>\n<meta property=\"og:site_name\" content=\"Festival de Teatro Cl\u00e1sicos en Alcal\u00e1 2026\" \/>\n<meta property=\"article:publisher\" content=\"http:\/\/www.facebook.com\/pages\/Clsicos-en-Alcal\/117666598263772\" \/>\n<meta property=\"article:modified_time\" content=\"2026-05-07T11:44:18+00:00\" \/>\n<meta property=\"og:image\" content=\"https:\/\/www.clasicosenalcala.net\/2026\/wp-content\/uploads\/2026\/05\/Figurin-FD066483_R_peq-e1773400346937.jpg\" \/>\n\t<meta property=\"og:image:width\" content=\"745\" \/>\n\t<meta property=\"og:image:height\" content=\"746\" \/>\n\t<meta property=\"og:image:type\" content=\"image\/jpeg\" \/>\n<meta name=\"twitter:card\" content=\"summary_large_image\" \/>\n<meta name=\"twitter:site\" content=\"@ClasicosAlcala\" \/>\n<meta name=\"twitter:label1\" content=\"Tiempo de lectura\" \/>\n\t<meta name=\"twitter:data1\" content=\"2 minutos\" \/>\n<script type=\"application\/ld+json\" class=\"yoast-schema-graph\">{\"@context\":\"https:\\\/\\\/schema.org\",\"@graph\":[{\"@type\":\"WebPage\",\"@id\":\"https:\\\/\\\/www.clasicosenalcala.net\\\/2026\\\/con-capa-y-espada-la-moda-en-epoca-de-cervantes\\\/\",\"url\":\"https:\\\/\\\/www.clasicosenalcala.net\\\/2026\\\/con-capa-y-espada-la-moda-en-epoca-de-cervantes\\\/\",\"name\":\"Con capa y espada. La moda en \u00e9poca de Cervantes - Festival de Teatro Cl\u00e1sicos en Alcal\u00e1 2026\",\"isPartOf\":{\"@id\":\"https:\\\/\\\/www.clasicosenalcala.net\\\/2026\\\/#website\"},\"primaryImageOfPage\":{\"@id\":\"https:\\\/\\\/www.clasicosenalcala.net\\\/2026\\\/con-capa-y-espada-la-moda-en-epoca-de-cervantes\\\/#primaryimage\"},\"image\":{\"@id\":\"https:\\\/\\\/www.clasicosenalcala.net\\\/2026\\\/con-capa-y-espada-la-moda-en-epoca-de-cervantes\\\/#primaryimage\"},\"thumbnailUrl\":\"https:\\\/\\\/www.clasicosenalcala.net\\\/2026\\\/wp-content\\\/uploads\\\/2026\\\/05\\\/Figurin-FD066483_R_peq-e1773400346937.jpg\",\"datePublished\":\"2026-05-07T11:20:44+00:00\",\"dateModified\":\"2026-05-07T11:44:18+00:00\",\"breadcrumb\":{\"@id\":\"https:\\\/\\\/www.clasicosenalcala.net\\\/2026\\\/con-capa-y-espada-la-moda-en-epoca-de-cervantes\\\/#breadcrumb\"},\"inLanguage\":\"es\",\"potentialAction\":[{\"@type\":\"ReadAction\",\"target\":[\"https:\\\/\\\/www.clasicosenalcala.net\\\/2026\\\/con-capa-y-espada-la-moda-en-epoca-de-cervantes\\\/\"]}]},{\"@type\":\"ImageObject\",\"inLanguage\":\"es\",\"@id\":\"https:\\\/\\\/www.clasicosenalcala.net\\\/2026\\\/con-capa-y-espada-la-moda-en-epoca-de-cervantes\\\/#primaryimage\",\"url\":\"https:\\\/\\\/www.clasicosenalcala.net\\\/2026\\\/wp-content\\\/uploads\\\/2026\\\/05\\\/Figurin-FD066483_R_peq-e1773400346937.jpg\",\"contentUrl\":\"https:\\\/\\\/www.clasicosenalcala.net\\\/2026\\\/wp-content\\\/uploads\\\/2026\\\/05\\\/Figurin-FD066483_R_peq-e1773400346937.jpg\",\"width\":745,\"height\":746},{\"@type\":\"BreadcrumbList\",\"@id\":\"https:\\\/\\\/www.clasicosenalcala.net\\\/2026\\\/con-capa-y-espada-la-moda-en-epoca-de-cervantes\\\/#breadcrumb\",\"itemListElement\":[{\"@type\":\"ListItem\",\"position\":1,\"name\":\"Portada\",\"item\":\"https:\\\/\\\/www.clasicosenalcala.net\\\/2026\\\/\"},{\"@type\":\"ListItem\",\"position\":2,\"name\":\"Con capa y espada. La moda en \u00e9poca de Cervantes\"}]},{\"@type\":\"WebSite\",\"@id\":\"https:\\\/\\\/www.clasicosenalcala.net\\\/2026\\\/#website\",\"url\":\"https:\\\/\\\/www.clasicosenalcala.net\\\/2026\\\/\",\"name\":\"Festival Hispanoamericano del Siglo de Oro. XXV edici\u00f3n\",\"description\":\"\",\"publisher\":{\"@id\":\"https:\\\/\\\/www.clasicosenalcala.net\\\/2026\\\/#organization\"},\"potentialAction\":[{\"@type\":\"SearchAction\",\"target\":{\"@type\":\"EntryPoint\",\"urlTemplate\":\"https:\\\/\\\/www.clasicosenalcala.net\\\/2026\\\/?s={search_term_string}\"},\"query-input\":{\"@type\":\"PropertyValueSpecification\",\"valueRequired\":true,\"valueName\":\"search_term_string\"}}],\"inLanguage\":\"es\"},{\"@type\":\"Organization\",\"@id\":\"https:\\\/\\\/www.clasicosenalcala.net\\\/2026\\\/#organization\",\"name\":\"Festival Hispanoamericano del Siglo de Oro.\",\"url\":\"https:\\\/\\\/www.clasicosenalcala.net\\\/2026\\\/\",\"logo\":{\"@type\":\"ImageObject\",\"inLanguage\":\"es\",\"@id\":\"https:\\\/\\\/www.clasicosenalcala.net\\\/2026\\\/#\\\/schema\\\/logo\\\/image\\\/\",\"url\":\"https:\\\/\\\/www.clasicosenalcala.net\\\/2026\\\/wp-content\\\/uploads\\\/2026\\\/03\\\/cropped-favicon@600x-8.png\",\"contentUrl\":\"https:\\\/\\\/www.clasicosenalcala.net\\\/2026\\\/wp-content\\\/uploads\\\/2026\\\/03\\\/cropped-favicon@600x-8.png\",\"width\":512,\"height\":512,\"caption\":\"Festival Hispanoamericano del Siglo de Oro.\"},\"image\":{\"@id\":\"https:\\\/\\\/www.clasicosenalcala.net\\\/2026\\\/#\\\/schema\\\/logo\\\/image\\\/\"},\"sameAs\":[\"http:\\\/\\\/www.facebook.com\\\/pages\\\/Clsicos-en-Alcal\\\/117666598263772\",\"https:\\\/\\\/x.com\\\/ClasicosAlcala\",\"https:\\\/\\\/www.instagram.com\\\/clasicosalcala\\\/\"]}]}<\/script>\n<!-- \/ Yoast SEO plugin. -->","yoast_head_json":{"title":"Con capa y espada. La moda en \u00e9poca de Cervantes - Festival de Teatro Cl\u00e1sicos en Alcal\u00e1 2026","robots":{"index":"index","follow":"follow","max-snippet":"max-snippet:-1","max-image-preview":"max-image-preview:large","max-video-preview":"max-video-preview:-1"},"canonical":"https:\/\/www.clasicosenalcala.net\/2026\/con-capa-y-espada-la-moda-en-epoca-de-cervantes\/","og_locale":"es_ES","og_type":"article","og_title":"Con capa y espada. La moda en \u00e9poca de Cervantes - Festival de Teatro Cl\u00e1sicos en Alcal\u00e1 2026","og_description":"EXPOSICI\u00d3N Comisaria: Raquel S\u00e1nchez Acedo Organiza: Direcci\u00f3n General de Cultura e Industrias Creativas, con la colaboraci\u00f3n del Museo del Traje CIPE Otros colaboradores y prestadores: Fundaci\u00f3n Casa de M\u00e9xico, Peris Costumes Group; Plateros Multimedia y Carmen 17 Pa\u00eds: Espa\u00f1a Museo Casa Natal Cervantes Del 15 de abril al 30 de agosto Horario: De martes a [&hellip;]","og_url":"https:\/\/www.clasicosenalcala.net\/2026\/con-capa-y-espada-la-moda-en-epoca-de-cervantes\/","og_site_name":"Festival de Teatro Cl\u00e1sicos en Alcal\u00e1 2026","article_publisher":"http:\/\/www.facebook.com\/pages\/Clsicos-en-Alcal\/117666598263772","article_modified_time":"2026-05-07T11:44:18+00:00","og_image":[{"width":745,"height":746,"url":"https:\/\/www.clasicosenalcala.net\/2026\/wp-content\/uploads\/2026\/05\/Figurin-FD066483_R_peq-e1773400346937.jpg","type":"image\/jpeg"}],"twitter_card":"summary_large_image","twitter_site":"@ClasicosAlcala","twitter_misc":{"Tiempo de lectura":"2 minutos"},"schema":{"@context":"https:\/\/schema.org","@graph":[{"@type":"WebPage","@id":"https:\/\/www.clasicosenalcala.net\/2026\/con-capa-y-espada-la-moda-en-epoca-de-cervantes\/","url":"https:\/\/www.clasicosenalcala.net\/2026\/con-capa-y-espada-la-moda-en-epoca-de-cervantes\/","name":"Con capa y espada. La moda en \u00e9poca de Cervantes - Festival de Teatro Cl\u00e1sicos en Alcal\u00e1 2026","isPartOf":{"@id":"https:\/\/www.clasicosenalcala.net\/2026\/#website"},"primaryImageOfPage":{"@id":"https:\/\/www.clasicosenalcala.net\/2026\/con-capa-y-espada-la-moda-en-epoca-de-cervantes\/#primaryimage"},"image":{"@id":"https:\/\/www.clasicosenalcala.net\/2026\/con-capa-y-espada-la-moda-en-epoca-de-cervantes\/#primaryimage"},"thumbnailUrl":"https:\/\/www.clasicosenalcala.net\/2026\/wp-content\/uploads\/2026\/05\/Figurin-FD066483_R_peq-e1773400346937.jpg","datePublished":"2026-05-07T11:20:44+00:00","dateModified":"2026-05-07T11:44:18+00:00","breadcrumb":{"@id":"https:\/\/www.clasicosenalcala.net\/2026\/con-capa-y-espada-la-moda-en-epoca-de-cervantes\/#breadcrumb"},"inLanguage":"es","potentialAction":[{"@type":"ReadAction","target":["https:\/\/www.clasicosenalcala.net\/2026\/con-capa-y-espada-la-moda-en-epoca-de-cervantes\/"]}]},{"@type":"ImageObject","inLanguage":"es","@id":"https:\/\/www.clasicosenalcala.net\/2026\/con-capa-y-espada-la-moda-en-epoca-de-cervantes\/#primaryimage","url":"https:\/\/www.clasicosenalcala.net\/2026\/wp-content\/uploads\/2026\/05\/Figurin-FD066483_R_peq-e1773400346937.jpg","contentUrl":"https:\/\/www.clasicosenalcala.net\/2026\/wp-content\/uploads\/2026\/05\/Figurin-FD066483_R_peq-e1773400346937.jpg","width":745,"height":746},{"@type":"BreadcrumbList","@id":"https:\/\/www.clasicosenalcala.net\/2026\/con-capa-y-espada-la-moda-en-epoca-de-cervantes\/#breadcrumb","itemListElement":[{"@type":"ListItem","position":1,"name":"Portada","item":"https:\/\/www.clasicosenalcala.net\/2026\/"},{"@type":"ListItem","position":2,"name":"Con capa y espada. La moda en \u00e9poca de Cervantes"}]},{"@type":"WebSite","@id":"https:\/\/www.clasicosenalcala.net\/2026\/#website","url":"https:\/\/www.clasicosenalcala.net\/2026\/","name":"Festival Hispanoamericano del Siglo de Oro. XXV edici\u00f3n","description":"","publisher":{"@id":"https:\/\/www.clasicosenalcala.net\/2026\/#organization"},"potentialAction":[{"@type":"SearchAction","target":{"@type":"EntryPoint","urlTemplate":"https:\/\/www.clasicosenalcala.net\/2026\/?s={search_term_string}"},"query-input":{"@type":"PropertyValueSpecification","valueRequired":true,"valueName":"search_term_string"}}],"inLanguage":"es"},{"@type":"Organization","@id":"https:\/\/www.clasicosenalcala.net\/2026\/#organization","name":"Festival Hispanoamericano del Siglo de Oro.","url":"https:\/\/www.clasicosenalcala.net\/2026\/","logo":{"@type":"ImageObject","inLanguage":"es","@id":"https:\/\/www.clasicosenalcala.net\/2026\/#\/schema\/logo\/image\/","url":"https:\/\/www.clasicosenalcala.net\/2026\/wp-content\/uploads\/2026\/03\/cropped-favicon@600x-8.png","contentUrl":"https:\/\/www.clasicosenalcala.net\/2026\/wp-content\/uploads\/2026\/03\/cropped-favicon@600x-8.png","width":512,"height":512,"caption":"Festival Hispanoamericano del Siglo de Oro."},"image":{"@id":"https:\/\/www.clasicosenalcala.net\/2026\/#\/schema\/logo\/image\/"},"sameAs":["http:\/\/www.facebook.com\/pages\/Clsicos-en-Alcal\/117666598263772","https:\/\/x.com\/ClasicosAlcala","https:\/\/www.instagram.com\/clasicosalcala\/"]}]}},"_links":{"self":[{"href":"https:\/\/www.clasicosenalcala.net\/2026\/wp-json\/wp\/v2\/pages\/2574","targetHints":{"allow":["GET"]}}],"collection":[{"href":"https:\/\/www.clasicosenalcala.net\/2026\/wp-json\/wp\/v2\/pages"}],"about":[{"href":"https:\/\/www.clasicosenalcala.net\/2026\/wp-json\/wp\/v2\/types\/page"}],"author":[{"embeddable":true,"href":"https:\/\/www.clasicosenalcala.net\/2026\/wp-json\/wp\/v2\/users\/1"}],"replies":[{"embeddable":true,"href":"https:\/\/www.clasicosenalcala.net\/2026\/wp-json\/wp\/v2\/comments?post=2574"}],"version-history":[{"count":55,"href":"https:\/\/www.clasicosenalcala.net\/2026\/wp-json\/wp\/v2\/pages\/2574\/revisions"}],"predecessor-version":[{"id":2632,"href":"https:\/\/www.clasicosenalcala.net\/2026\/wp-json\/wp\/v2\/pages\/2574\/revisions\/2632"}],"wp:attachment":[{"href":"https:\/\/www.clasicosenalcala.net\/2026\/wp-json\/wp\/v2\/media?parent=2574"}],"curies":[{"name":"wp","href":"https:\/\/api.w.org\/{rel}","templated":true}]}}